t is the hundreds digit of 754431?
4
What is the thousands digit of 270488?
0
What is the tens digit of 475015?
1
What is the millions digit of 4466445?
4
What is the tens digit of 178165?
6
What is the millions digit of 2392637?
2
What is the tens digit of 16997041?
4
What is the hundreds digit of 12190311?
3
What is the hundred thousands digit of 591936?
5
What is the hundred thousands digit of 11430711?
4
What is the hundred thousands digit of 1041461?
0
What is the units digit of 2684783?
3
What is the units digit of 377369?
9
What is the thousands digit of 220922?
0
What is the hundred thousands digit of 704456?
7
What is the units digit of 528883?
3
What is the thousands digit of 300391?
0
What is the hundreds digit of 301732?
7
What is the units digit of 22507?
7
What is the units digit of 284779?
9
What is the ten thousands digit of 398569?
9
What is the tens digit of 82936?
3
What is the ten thousands digit of 115224?
1
What is the thousands digit of 1881533?
1
What is the units digit of 597747?
7
What is the hundred thousands digit of 1253442?
2
What is the thousands digit of 380275?
0
What is the millions digit of 1064451?
1
What is the ten thousands digit of 877730?
7
What is the millions digit of 15913197?
5
What is the hundreds digit of 3199754?
7
What is the hundred thousands digit of 5958864?
9
What is the ten millions digit of 17913280?
1
What is the tens digit of 35389288?
8
What is the hundred thousands digit of 1051595?
0
What is the units digit of 1860?
0
What is the thousands digit of 1415186?
5
What is the millions digit of 2492994?
2
What is the thousands digit of 1511023?
1
What is the tens digit of 3423355?
5
What is the tens digit of 2225838?
3
What is the millions digit of 1362729?
1
What is the hundreds digit of 4635745?
7
What is the ten thousands digit of 1925212?
2
What is the ten thousands digit of 366141?
6
What is the millions digit of 2027831?
2
What is the hundreds digit of 16375739?
7
What is the hundred thousands digit of 123282?
1
What is the ten thousands digit of 3793465?
9
What is the ten thousands digit of 2428796?
2
What is the thousands digit of 279271?
9
What is the hundreds digit of 708379?
3
What is the hundreds digit of 994365?
3
What is the hundreds digit of 1780647?
6
What is the ten thousands digit of 141392?
4
What is the hundred thousands digit of 168312?
1
What is the thousands digit of 5409084?
9
What is the millions digit of 31910751?
1
What is the units digit of 182056?
6
What is the hundreds digit of 24706179?
1
What is the millions digit of 6591255?
6
What is the tens digit of 361741?
4
What is the ten thousands digit of 110928?
1
What is the units digit of 3233280?
0
What is the ten millions digit of 15765418?
1
What is the units digit of 692789?
9
What is the thousands digit of 588524?
8
What is the ten thousands digit of 7858972?
5
What is the ten thousands digit of 1351852?
5
What is the tens digit of 9378142?
4
What is the thousands digit of 2039219?
9
What is the units digit of 484329?
9
What is the millions digit of 1551535?
1
What is the thousands digit of 166786?
6
What is the tens digit of 695305?
0
What is the ten thousands digit of 12092113?
9
What is the ten thousands digit of 13709144?
0
What is the units digit of 320463?
3
What is the tens digit of 189505?
0
What is the thousands digit of 340787?
0
What is the millions digit of 1273541?
1
What is the thousands digit of 1041419?
1
What is the hundreds digit of 11743130?
1
What is the hundreds digit of 65552?
5
What is the thousands digit of 13276514?
6
What is the units digit of 7350860?
0
What is the hundreds digit of 24705677?
6
What is the millions digit of 1193154?
1
What is the hundreds digit of 587377?
3
What is the units digit of 84704?
4
What is the millions digit of 7200092?
7
What is the tens digit of 662697?
9
What is the units digit of 410816?
6
What is the thousands digit of 1339682?
9
What is the units digit of 7948076?
6
What is the units digit of 3122062?
2
What is the thousands digit of 7985956?
5
What is the units digit of 13097162?
2
What is the thousands digit of 1176124?
6
What is the hundreds digit of 728012?
0
What is the hundreds digit of 682389?
3
What is the units digit of 155658?
8
What is the units digit of 36610643?
3
What is the ten thousands digit of 2389406?
8
What is the ten thousands digit of 3263379?
6
What is the millions digit of 11382073?
1
What is the hundred thousands digit of 251601?
2
What is the thousands digit of 2565020?
5
What is the ten thousands digit of 322428?
2
What is the tens digit of 10404447?
4
What is the units digit of 590629?
9
What is the hundreds digit of 218148?
1
What is the thousands digit of 1182132?
2
What is the hundreds digit of 6755203?
2
What is the units digit of 99771?
1
What is the units digit of 328171?
1
What is the tens digit of 394974?
7
What is the hundreds digit of 319478?
4
What is the units digit of 2090560?
0
What is the hundreds digit of 477177?
1
What is the hundred thousands digit of 2747322?
7
What is the tens digit of 266294?
9
What is the hundred thousands digit of 516399?
5
What is the units digit of 4332843?
3
What is the units digit of 918584?
4
What is the millions digit of 20263983?
0
What is the ten thousands digit of 1339446?
3
What is the hundred thousands digit of 310584?
3
What is the millions digit of 4784486?
4
What is the thousands digit of 31256313?
6
What is the ten thousands digit of 2996298?
9
What is the hundreds digit of 23716197?
1
What is the units digit of 497247?
7
What is the units digit of 2866527?
7
What is the millions digit of 18647315?
8
What is the thousands digit of 4439797?
9
What is the ten thousands digit of 172882?
7
What is the hundred thousands digit of 1612121?
6
What is the ten thousands digit of 1023043?
2
What is the millions digit of 9127788?
9
What is the millions digit of 6268073?
6
What is the millions digit of 3694053?
3
What is the tens digit of 94955?
5
What is the thousands digit of 5978039?
8
What is the tens digit of 6465470?
7
What is the units digit of 2472553?
3
What is the hundred thousands digit of 201448?
2
What is the hundreds digit of 15818681?
6
What is the millions digit of 2566964?
2
What is the hundreds digit of 702148?
1
What is the ten thousands digit of 277385?
7
What is the units digit of 4339940?
0
What is the units digit of 166958?
8
What is the ten thousands digit of 52776?
5
What is the ten thousands digit of 1027753?
2
What is the units digit of 2499970?
0
What is the hundred thousands digit of 363939?
3
What is the units digit of 82612?
2
What is the tens digit of 47872?
7
What is the tens digit of 622620?
2
What is the tens digit of 737652?
5
What is the ten thousands digit of 12871637?
7
What is the hundred thousands digit of 4230826?
2
What is the hundreds digit of 4593904?
9
What is the millions digit of 20069088?
0
What is the tens digit of 5011050?
5
What is the ten thousands digit of 92779?
9
What is the ten thousands digit of 7652921?
5
What is the ten thousands digit of 448883?
4
What is the tens digit of 64172?
7
What is the ten thousands digit of 362648?
6
What is the hundred thousands digit of 183239?
1
What is the thousands digit of 692554?
2
What is the millions digit of 4540288?
4
What is the tens digit of 6098165?
6
What is the hundreds digit of 338561?
5
What is the hundred thousands digit of 113429?
1
What is the hundred thousands digit of 965699?
9
What is the tens digit of 30817?
1
What is the millions digit of 9185227?
9
What is the hundred thousands digit of 197807?
1
What is the ten thousands digit of 118608?
1
What is the units digit of 518127?
7
What is the units digit of 259432?
2
What is the hundred thousands digit of 3853406?
8
What is the units digit of 384130?
0
What is the thousands digit of 36765?
6
What is the millions digit of 4421491?
4
What is the thousands digit of 3750422?
0
What is the ten thousands digit of 1057961?
5
What is the units digit of 4935168?
8
What is the tens digit of 7953377?
7
What is the ten thousands digit of 26895?
2
What is the tens digit of 1459681?
8
What is the thousands digit of 689130?
9
What is the ten thousands digit of 5349442?
4
What is the ten thousands digit of 99893?
9
What is the ten tho